is the ten thousands digit of 1472240434?
4
What is the ten millions digit of 2567101945?
6
What is the hundreds digit of 40479019?
0
What is the hundreds digit of 6375611?
6
What is the hundred thousands digit of 3141271769?
2
What is the ten thousands digit of 380856250?
5
What is the hundreds digit of 167567767?
7
What is the millions digit of 295166810?
5
What is the ten millions digit of 42305506?
4
What is the ten millions digit of 16728871?
1
What is the hundred millions digit of 460235236?
4
What is the ten millions digit of 666734026?
6
What is the tens digit of 43635711?
1
What is the ten millions digit of 1906672393?
0
What is the units digit of 274696956?
6
What is the millions digit of 372520101?
2
What is the ten millions digit of 403962307?
0
What is the millions digit of 1584999955?
4
What is the units digit of 331565018?
8
What is the ten thousands digit of 49138971?
3
What is the thousands digit of 500915681?
5
What is the hundreds digit of 226252966?
9
What is the tens digit of 144150606?
0
What is the hundreds digit of 445156044?
0
What is the units digit of 114376360?
0
What is the tens digit of 49118581?
8
What is the ten thousands digit of 235123246?
2
What is the hundreds digit of 46941197?
1
What is the hundred millions digit of 6579347666?
5
What is the thousands digit of 59868754?
8
What is the units digit of 86098866?
6
What is the tens digit of 540497670?
7
What is the thousands digit of 36437288?
7
What is the thousands digit of 565773389?
3
What is the ten millions digit of 2363389684?
6
What is the tens digit of 30397595?
9
What is the tens digit of 1324292550?
5
What is the millions digit of 63263794?
3
What is the hundred thousands digit of 4936557741?
5
What is the thousands digit of 1686159769?
9
What is the hundred millions digit of 4062229292?
0
What is the ten millions digit of 582787268?
8
What is the millions digit of 340060463?
0
What is the thousands digit of 28139279?
9
What is the hundred millions digit of 527118340?
5
What is the thousands digit of 976538740?
8
What is the ten millions digit of 612576294?
1
What is the millions digit of 1629493659?
9
What is the millions digit of 574449357?
4
What is the millions digit of 7119712703?
9
What is the tens digit of 48868987?
8
What is the thousands digit of 294555705?
5
What is the tens digit of 85628672?
7
What is the thousands digit of 288365090?
5
What is the units digit of 510471220?
0
What is the millions digit of 31040834?
1
What is the hundred thousands digit of 3259832389?
8
What is the hundred thousands digit of 7505829?
5
What is the ten thousands digit of 3245489274?
8
What is the hundreds digit of 616094300?
3
What is the hundreds digit of 5270799143?
1
What is the tens digit of 72027301?
0
What is the ten thousands digit of 960554755?
5
What is the hundreds digit of 13346467?
4
What is the hundred thousands digit of 3065291091?
2
What is the hundred thousands digit of 3103431?
1
What is the ten millions digit of 99313635?
9
What is the ten millions digit of 92674958?
9
What is the tens digit of 71971351?
5
What is the units digit of 3405963231?
1
What is the hundreds digit of 58938810?
8
What is the ten millions digit of 275070625?
7
What is the millions digit of 520233585?
0
What is the millions digit of 17599211?
7
What is the thousands digit of 79818877?
8
What is the millions digit of 1801670?
1
What is the units digit of 973530617?
7
What is the hundred millions digit of 3881101607?
8
What is the hundreds digit of 183565977?
9
What is the thousands digit of 14637918?
7
What is the thousands digit of 2171238254?
8
What is the hundred millions digit of 128699473?
1
What is the hundreds digit of 15011622?
6
What is the hundreds digit of 4511254837?
8
What is the tens digit of 224778528?
2
What is the tens digit of 157258192?
9
What is the billions digit of 4975975607?
4
What is the hundred thousands digit of 988449249?
4
What is the millions digit of 1004353138?
4
What is the tens digit of 1169104769?
6
What is the thousands digit of 88057389?
7
What is the hundreds digit of 1173194685?
6
What is the millions digit of 145956549?
5
What is the hundred thousands digit of 1567603102?
6
What is the millions digit of 11973912?
1
What is the units digit of 3307960?
0
What is the hundreds digit of 2513327?
3
What is the ten millions digit of 117843825?
1
What is the hundreds digit of 1362555965?
9
What is the ten thousands digit of 184481864?
8
What is the hundreds digit of 4380408187?
1
What is the ten thousands digit of 95108291?
0
What is the tens digit of 29165265?
6
What is the thousands digit of 45855353?
5
What is the ten thousands digit of 201374910?
7
What is the hundred thousands digit of 5861005818?
0
What is the tens digit of 3293825714?
1
What is the billions digit of 6223234869?
6
What is the thousands digit of 3926131026?
1
What is the hundred millions digit of 235231630?
2
What is the ten millions digit of 325270770?
2
What is the tens digit of 6137683577?
7
What is the ten millions digit of 8337123672?
3
What is the hundreds digit of 2730670039?
0
What is the hundred thousands digit of 92088858?
0
What is the hundreds digit of 165575836?
8
What is the tens digit of 178376386?
8
What is the ten millions digit of 69225376?
6
What is the ten thousands digit of 445008201?
0
What is the ten millions digit of 19966271?
1
What is the hundred millions digit of 270648495?
2
What is the hundred thousands digit of 55006692?
0
What is the hundred thousands digit of 5091818?
0
What is the tens digit of 48273004?
0
What is the ten millions digit of 566142887?
6
What is the ten thousands digit of 1960424394?
2
What is the units digit of 83277652?
2
What is the thousands digit of 1803139498?
9
What is the hundred thousands digit of 388710706?
7
What is the millions digit of 43913761?
3
What is the hundreds digit of 813408102?
1
What is the hundred millions digit of 200209159?
2
What is the hundred thousands digit of 63691487?
6
What is the tens digit of 166696427?
2
What is the hundreds digit of 62734083?
0
What is the hundred thousands digit of 656114145?
1
What is the tens digit of 2963133368?
6
What is the tens digit of 12602634?
3
What is the millions digit of 42796566?
2
What is the units digit of 508058643?
3
What is the units digit of 6632244014?
4
What is the hundred thousands digit of 259935074?
9
What is the ten thousands digit of 354020103?
2
What is the ten millions digit of 315102512?
1
What is the hundreds digit of 3052376594?
5
What is the units digit of 41965118?
8
What is the hundreds digit of 99419369?
3
What is the ten thousands digit of 741462221?
6
What is the tens digit of 262956427?
2
What is the millions digit of 9521203?
9
What is the millions digit of 155949503?
5
What is the millions digit of 259881751?
9
What is the units digit of 435626160?
0
What is the hundreds digit of 82793947?
9
What is the ten thousands digit of 165681208?
8
What is the hundreds digit of 1415540017?
0
What is the tens digit of 2885958184?
8
What is the ten millions digit of 547093164?
4
What is the units digit of 49668071?
1
What is the ten millions digit of 134243400?
3
What is the thousands digit of 247731358?
1
What is the millions digit of 1542179313?
2
What is the tens digit of 4802448?
4
What is the hundreds digit of 3860447406?
4
What is the ten thousands digit of 45511341?
1
What is the ten millions digit of 6137715303?
3
What is the tens digit of 73700768?
6
What is the millions digit of 740676553?
0
What is the hundreds digit of 484921719?
7
What is the tens digit of 233833525?
2
What is the millions digit of 287395549?
7
What is the ten millions digit of 238731648?
3
What is the tens digit of 488714565?
6
What is the tens digit of 47078511?
1
What is the tens digit of 1412915228?
2
What is the millions digit of 115134644?
5
What is the hundreds digit of 2945743400?
4
What is the hundred millions digit of 314864112?
3
What is the hundreds digit of 558679170?
1
What is the hundred thousands digit of 141357698?
3
What is the hundred thousands digit of 1470019837?
0
What is the hundreds digit of 3401075420?
4
What is the hundreds digit of 2484809356?
3
What is the hundreds digit of 64606191?
1
What is the thousands digit of 436097